hest common factor of 167 and 1?
1
What is the greatest common divisor of 1555 and 5?
5
Calculate the greatest common factor of 8 and 296.
8
Calculate the greatest common factor of 434 and 56.
14
Calculate the highest common factor of 130 and 3965.
65
Calculate the greatest common factor of 54 and 18.
18
What is the greatest common divisor of 29 and 9019?
29
What is the highest common divisor of 679 and 7?
7
Calculate the highest common divisor of 140 and 380.
20
What is the highest common factor of 27 and 54?
27
Calculate the highest common divisor of 384 and 160.
32
What is the greatest common divisor of 5 and 205?
5
Calculate the greatest common divisor of 171 and 19.
19
What is the highest common factor of 322 and 126?
14
Calculate the greatest common divisor of 52 and 7618.
26
What is the greatest common factor of 48 and 1928?
8
What is the greatest common divisor of 6 and 39?
3
Calculate the greatest common divisor of 52 and 52.
52
Calculate the highest common divisor of 287 and 7.
7
What is the greatest common factor of 84 and 8?
4
Calculate the greatest common divisor of 34 and 3.
1
Calculate the highest common divisor of 496 and 2852.
124
What is the greatest common factor of 204 and 38896?
68
What is the highest common divisor of 3815 and 35?
35
What is the greatest common divisor of 88 and 902?
22
Calculate the highest common divisor of 7 and 476.
7
What is the greatest common factor of 112 and 196?
28
What is the greatest common divisor of 285 and 1311?
57
What is the greatest common factor of 1379 and 28?
7
What is the greatest common factor of 24 and 552?
24
Calculate the highest common divisor of 182 and 52.
26
Calculate the highest common factor of 9 and 369.
9
Calculate the highest common factor of 594 and 9.
9
What is the highest common factor of 14 and 3178?
14
Calculate the greatest common factor of 14 and 217.
7
Calculate the highest common divisor of 2695 and 11.
11
Calculate the highest common factor of 1463 and 532.
133
What is the greatest common divisor of 2457 and 63?
63
Calculate the highest common factor of 654 and 6.
6
Calculate the greatest common divisor of 37 and 37.
37
Calculate the highest common divisor of 564 and 2796.
12
Calculate the highest common factor of 7 and 8.
1
What is the highest common factor of 2304 and 72?
72
What is the greatest common factor of 1679 and 365?
73
What is the highest common divisor of 35 and 56?
7
Calculate the greatest common divisor of 30 and 1725.
15
Calculate the greatest common divisor of 492 and 26896.
164
Calculate the highest common factor of 3683 and 1905.
127
What is the highest common divisor of 12 and 192?
12
What is the greatest common divisor of 1365 and 637?
91
Calculate the highest common divisor of 3 and 126.
3
Calculate the highest common divisor of 819 and 2184.
273
What is the highest common divisor of 3 and 17?
1
What is the highest common divisor of 76 and 4?
4
What is the greatest common factor of 30457 and 133?
133
What is the highest common divisor of 6 and 15?
3
What is the highest common divisor of 567 and 252?
63
What is the highest common factor of 14060 and 2280?
380
Calculate the greatest common divisor of 50 and 15850.
50
Calculate the greatest common factor of 21 and 273.
21
Calculate the greatest common factor of 264 and 308.
44
Calculate the highest common divisor of 1204 and 5117.
301
What is the greatest common factor of 891 and 33?
33
What is the highest common divisor of 679 and 194?
97
Calculate the highest common divisor of 1593 and 118.
59
Calculate the highest common factor of 3751 and 31.
31
Calculate the greatest common divisor of 330 and 120.
30
What is the greatest common factor of 38 and 4?
2
What is the highest common divisor of 120 and 128?
8
What is the greatest common divisor of 1023 and 165?
33
Calculate the greatest common divisor of 90 and 2655.
45
Calculate the highest common factor of 78 and 234.
78
What is the highest common factor of 112 and 70?
14
Calculate the highest common divisor of 2244 and 36.
12
What is the highest common divisor of 176 and 3674?
22
What is the greatest common factor of 14 and 161?
7
Calculate the highest common divisor of 177 and 472.
59
What is the greatest common divisor of 496 and 31?
31
What is the greatest common divisor of 16 and 1016?
8
What is the highest common factor of 74 and 24457?
37
Calculate the highest common divisor of 18 and 1962.
18
Calculate the highest common divisor of 256 and 4.
4
What is the highest common divisor of 517 and 752?
47
Calculate the greatest common divisor of 9154 and 92.
46
What is the highest common divisor of 19676 and 4?
4
Calculate the greatest common factor of 304 and 76.
76
What is the highest common divisor of 5350 and 428?
214
What is the highest common factor of 24 and 60?
12
Calculate the greatest common factor of 6 and 486.
6
What is the highest common divisor of 737 and 44?
11
What is the greatest common factor of 2695 and 3185?
245
Calculate the highest common factor of 2090 and 38.
38
Calculate the greatest common divisor of 122 and 3538.
122
What is the highest common divisor of 1331 and 3509?
121
What is the highest common factor of 30 and 390?
30
What is the greatest common factor of 208 and 78?
26
Calculate the highest common factor of 36 and 276.
12
Calculate the greatest common factor of 72 and 300.
12
Calculate the highest common divisor of 44 and 3124.
44
Calculate the highest common divisor of 328 and 246.
82
What is the highest common divisor of 3149 and 469?
67
Calculate the greatest common factor of 5994 and 12.
6
Calculate the greatest common divisor of 13095 and 135.
135
Calculate the highest common divisor of 39 and 12.
3
Calculate the highest common factor of 166 and 10.
2
What is the highest common factor of 1146 and 18?
6
What is the highest common divisor of 306 and 442?
34
What is the highest common factor of 184 and 716?
4
What is the greatest common factor of 209 and 143?
11
What is the greatest common factor of 238 and 42?
14
What is the greatest common factor of 51 and 969?
51
Calculate the greatest common divisor of 274 and 1918.
274
What is the greatest common factor of 17363 and 358?
179
Calculate the greatest common divisor of 167 and 18203.
167
Calculate the highest common factor of 40204 and 76.
76
Calculate the highest common divisor of 5440 and 34.
34
Calculate the highest common divisor of 141 and 1363.
47
Calculate the greatest common divisor of 70 and 308.
14
Calculate the highest common divisor of 2004 and 300.
12
What is the highest common divisor of 53 and 44149?
53
What is the greatest common divisor of 118094 and 274?
274
What is the greatest common factor of 1313 and 65?
13
What is the greatest common factor of 225 and 25?
25
What is the greatest common divisor of 3107 and 13?
13
Calculate the greatest common divisor of 45 and 117.
9
What is the greatest common divisor of 42 and 60?
6
Calculate the greatest common factor of 188 and 2820.
188
Calculate the highest common divisor of 38 and 9728.
38
What is the greatest common factor of 2279 and 43?
43
What is the greatest common factor of 15028 and 52?
52
Calculate the greatest common divisor of 3818 and 322.
46
What is the highest common divisor of 1044 and 8236?
116
Calculate the greatest common divisor of 84 and 119.
7
Calculate the highest common factor of 2929 and 29.
29
What is the greatest common divisor of 1083 and 1140?
57
What is the highest common factor of 1534 and 1888?
118
Calculate the greatest common divisor of 3 and 111.
3
What is the highest common divisor of 424 and 114904?
424
Calculate the highest common divisor of 2451 and 6.
3
Calculate the greatest common factor of 187 and 11.
11
What is the greatest common divisor of 18 and 30?
6
Calculate the greatest common divisor of 71 and 497.
71
Calculate the highest common divisor of 19677 and 105.
21
What is the greatest common factor of 10761 and 204?
51
What is the greatest common divisor of 50 and 61550?
50
Calculate the greatest common factor of 77 and 175.
7
What is the highest common divisor of 46 and 253?
23
What is the highest common divisor of 172 and 430?
86
What is the highest common factor of 846 and 2826?
18
Calculate the highest common factor of 38 and 133.
19
What is t